by 42?
20
What is the remainder when 9 is divided by 7?
2
What is the remainder when 357 is divided by 119?
0
Calculate the remainder when 203 is divided by 9.
5
Calculate the remainder when 2301 is divided by 62.
7
What is the remainder when 2149 is divided by 83?
74
Calculate the remainder when 454 is divided by 17.
12
Calculate the remainder when 1006 is divided by 18.
16
Calculate the remainder when 252 is divided by 11.
10
What is the remainder when 1017 is divided by 102?
99
What is the remainder when 55 is divided by 37?
18
What is the remainder when 604 is divided by 74?
12
Calculate the remainder when 311 is divided by 145.
21
What is the remainder when 2021 is divided by 45?
41
What is the remainder when 2489 is divided by 6?
5
What is the remainder when 640 is divided by 47?
29
Calculate the remainder when 1375 is divided by 77.
66
What is the remainder when 522 is divided by 88?
82
Calculate the remainder when 174 is divided by 59.
56
What is the remainder when 212 is divided by 67?
11
What is the remainder when 1391 is divided by 35?
26
Calculate the remainder when 235 is divided by 42.
25
Calculate the remainder when 681 is divided by 75.
6
What is the remainder when 129 is divided by 120?
9
Calculate the remainder when 97 is divided by 22.
9
What is the remainder when 1973 is divided by 327?
11
Calculate the remainder when 4861 is divided by 64.
61
What is the remainder when 62 is divided by 26?
10
Calculate the remainder when 22 is divided by 13.
9
What is the remainder when 1081 is divided by 155?
151
What is the remainder when 152 is divided by 22?
20
What is the remainder when 998 is divided by 56?
46
Calculate the remainder when 2268 is divided by 38.
26
What is the remainder when 1600 is divided by 98?
32
Calculate the remainder when 542 is divided by 108.
2
Calculate the remainder when 412 is divided by 12.
4
Calculate the remainder when 87 is divided by 66.
21
Calculate the remainder when 197 is divided by 45.
17
Calculate the remainder when 205 is divided by 59.
28
What is the remainder when 1049 is divided by 50?
49
Calculate the remainder when 4521 is divided by 87.
84
Calculate the remainder when 29 is divided by 28.
1
What is the remainder when 597 is divided by 21?
9
Calculate the remainder when 1044 is divided by 95.
94
Calculate the remainder when 1309 is divided by 131.
130
What is the remainder when 26818 is divided by 298?
296
Calculate the remainder when 251 is divided by 222.
29
What is the remainder when 189 is divided by 35?
14
Calculate the remainder when 13012 is divided by 3253.
0
Calculate the remainder when 2437 is divided by 20.
17
What is the remainder when 736 is divided by 9?
7
What is the remainder when 212 is divided by 29?
9
What is the remainder when 398 is divided by 128?
14
What is the remainder when 1391 is divided by 5?
1
Calculate the remainder when 3589 is divided by 3583.
6
What is the remainder when 970 is divided by 120?
10
Calculate the remainder when 109 is divided by 38.
33
What is the remainder when 528 is divided by 14?
10
What is the remainder when 256 is divided by 37?
34
Calculate the remainder when 115 is divided by 29.
28
Calculate the remainder when 1833 is divided by 131.
130
Calculate the remainder when 91 is divided by 18.
1
Calculate the remainder when 1052 is divided by 176.
172
Calculate the remainder when 77 is divided by 40.
37
Calculate the remainder when 30 is divided by 6.
0
Calculate the remainder when 423 is divided by 226.
197
What is the remainder when 3797 is divided by 19?
16
What is the remainder when 7 is divided by 3?
1
What is the remainder when 272 is divided by 14?
6
Calculate the remainder when 955 is divided by 15.
10
Calculate the remainder when 25451 is divided by 84.
83
Calculate the remainder when 878 is divided by 218.
6
Calculate the remainder when 103 is divided by 59.
44
Calculate the remainder when 18573 is divided by 74.
73
Calculate the remainder when 898 is divided by 3.
1
Calculate the remainder when 540 is divided by 184.
172
Calculate the remainder when 823 is divided by 235.
118
Calculate the remainder when 3885 is divided by 27.
24
Calculate the remainder when 11998 is divided by 250.
248
What is the remainder when 3911 is divided by 145?
141
What is the remainder when 2553 is divided by 144?
105
What is the remainder when 3912 is divided by 178?
174
What is the remainder when 138 is divided by 5?
3
What is the remainder when 12310 is divided by 27?
25
Calculate the remainder when 51 is divided by 18.
15
What is the remainder when 82 is divided by 7?
5
Calculate the remainder when 69 is divided by 50.
19
What is the remainder when 41123 is divided by 12?
11
Calculate the remainder when 857 is divided by 20.
17
Calculate the remainder when 89 is divided by 46.
43
What is the remainder when 113 is divided by 1?
0
What is the remainder when 284 is divided by 60?
44
Calculate the remainder when 228 is divided by 49.
32
Calculate the remainder when 1459 is divided by 105.
94
Calculate the remainder when 807 is divided by 18.
15
Calculate the remainder when 370 is divided by 124.
122
What is the remainder when 245 is divided by 23?
15
Calculate the remainder when 257 is divided by 4.
1
What is the remainder when 262 is divided by 11?
9
What is the remainder when 201 is divided by 13?
6
Calculate the remainder when 995 is divided by 413.
169
What is the remainder when 395 is divided by 14?
3
What is the remainder when 82 is divided by 35?
12
Calculate the remainder when 2376 is divided by 45.
36
Calculate the remainder when 669 is divided by 134.
133
Calculate the remainder when 1366 is divided by 1339.
27
Calculate the remainder when 100 is divided by 51.
49
Calculate the remainder when 63886 is divided by 66.
64
What is the remainder when 611 is divided by 26?
13
Calculate the remainder when 830 is divided by 32.
30
What is the remainder when 1035 is divided by 87?
78
What is the remainder when 1436 is divided by 242?
226
Calculate the remainder when 419 is divided by 43.
32
Calculate the remainder when 2049 is divided by 114.
111
Calculate the remainder when 366 is divided by 93.
87
What is the remainder when 558 is divided by 51?
48
What is the remainder when 235 is divided by 79?
77
What is the remainder when 119 is divided by 25?
19
Calculate the remainder when 71 is divided by 48.
23
What is the remainder when 442 is divided by 30?
22
Calculate the remainder when 185 is divided by 64.
57
Calculate the remainder when 5095 is divided by 52.
51
What is the remainder when 881 is divided by 346?
189
What is the remainder when 1046 is divided by 31?
23
What is the remainder when 568 is divided by 127?
60
What is the remainder when 219 is divided by 113?
106
Calculate the remainder when 989 is divided by 312.
53
Calculate the remainder when 211 is divided by 20.
11
What is the remainder when 139 is divided by 76?
63
What is the remainder when 391 is divided by 28?
27
What is the remainder when 2747 is divided by 5?
2
What is the remainder when 202 is divided by 66?
4
Calculate the remainder when 49 is divided by 4.
1
What is the remainder when 327 is divided by 15?
12
Calculate the remainder when 4957 is divided by 991.
2
What is the remainder when 240 is divided by 12?
0
Calculate the remainder when 291 is divided by 34.
19
What is the remainder when 304 is divided by 130?
44
Calculate the remainder when 102 is divided by 30.
12
Calculate the remainder when 2305 is divided by 35.
30
Calculate the remainder when 64 is divided by 13.
12
Calculate the remainder when 240 is divided by 32.
16
Calculate the remainder when 1233 is divided by 393.
54
What is the remainder when 5392 is divided by 13?
10
What is the remainder when 30157 is divided by 20?
17
Calculate the remainder when 170 is divided by 9.
8
Calculate the remainder when 50 is divided by 14.
8
What is the remainder when 1150 is divided by 469?
212
What is the remainder when 45 is divided by 3?
0
Calculate the remainder when 112 is divided by 6.
4
What is the remainder when 4333 is divided by 865?
8
What is the remainder when 339 is divided by 111?
6
What is the remainder when 313 is divided by 79?
76
Calculate the remainder when 1686 is divided by 13.
9
Calculate the remainder 